.
-1
Let f(c) = -c**2 - 2*c + 13. What is f(3)?
-2
Let s(f) = 64*f + 391. Give s(-6).
7
Let c(t) = -73*t + 874. What is c(12)?
-2
Let u(j) = j - 4. Give u(10).
6
Let s(d) = d**2 - 12*d + 36. Determine s(9).
9
Let o(n) = -42*n**3 - n**2 + n + 2. Give o(-1).
42
Let m(v) = v**2 - 14*v + 22. Determine m(11).
-11
Let d(i) = i + 11. Calculate d(-14).
-3
Let d(c) = c**2 - 3*c - 5. Give d(6).
13
Let p(o) = -o**3 + 20*o**2 - 25*o - 11. Determine p(19).
-125
Let q(b) = b**3 - 17*b**2 + 16*b + 9. Calculate q(16).
9
Let a(u) = -2*u**2 + 56*u - 145. What is a(3)?
5
Let m(w) = 23*w + 3. Give m(-3).
-66
Let u(m) = m**3 + 5*m**2 - m - 17. What is u(-5)?
-12
Let w(k) = k**3 + 5*k**2 + 4*k - 2. What is w(-4)?
-2
Let u(b) = b**2 + 3. What is u(0)?
3
Let w(t) = 11*t - 13. Determine w(4).
31
Let k(g) = -4*g**2 - 26*g - 20. Calculate k(-5).
10
Let w(m) = 2*m**3 - 2*m**2 - m - 1. Calculate w(-1).
-4
Let k(x) = x**2 + 3*x + 8. What is k(-3)?
8
Let x(s) = -s**2 - 4*s + 42. Determine x(-9).
-3
Let c(a) = a**2 + 20*a + 42. What is c(-18)?
6
Let k(j) = j**3 - 10*j**2 - 25*j + 14. Give k(12).
2
Let w(h) = 5*h**2 - 3*h + 4. What is w(1)?
6
Let j(x) = -x**3 + 7*x**2 - 6*x - 2. Give j(6).
-2
Let i(k) = 3*k + 37. What is i(-12)?
1
Let t(u) = -u**3 - 14*u**2 - 13*u - 1. What is t(-13)?
-1
Let n(w) = 25*w + 20. Calculate n(-1).
-5
Let v(c) = -6*c - 1. Give v(4).
-25
Let x(f) = -f**3 - 11*f**2 - 2*f - 25. Calculate x(-11).
-3
Let x(h) = h**3 - 9*h**2 - 17*h + 45. Calculate x(10).
-25
Let f(p) = 196*p - 786. What is f(4)?
-2
Let m(x) = x**3 + 2*x**2 - 6*x - 7. Give m(-3).
2
Let k(l) = -17*l - 33. What is k(-9)?
120
Let z(t) = 26*t + 1. Determine z(0).
1
Let x(d) = -2*d**2 + 12*d - 21. Give x(3).
-3
Let z(d) = d + 2. What is z(-10)?
-8
Let z(r) = -r**2 - 5*r + 13. What is z(-6)?
7
Let s(f) = 106*f + 2653. Give s(-25).
3
Let z(o) = -10*o - 4. Determine z(-5).
46
Let s(y) = -19*y + 10. Give s(4).
-66
Let h(d) = -d + 23. What is h(0)?
23
Let d(f) = 3*f - 52. Determine d(-13).
-91
Let y(a) = a**2 + 17*a + 85. Determine y(-7).
15
Let r(d) = d - 1. Calculate r(4).
3
Let u(m) = -5*m**2 + m - 6. Calculate u(4).
-82
Let p(r) = r**3 + 4*r**2 + 5*r + 29. Determine p(-4).
9
Let z(v) = -v**2 + 28*v + 19. Calculate z(28).
19
Let d(a) = 5*a**3 + a - 4. Calculate d(-3).
-142
Let p(v) = -7*v + 6. Calculate p(0).
6
Let k(x) = 5*x + 4. Give k(-11).
-51
Let b(a) = 6*a - 5. What is b(-4)?
-29
Let r(i) = -30*i**2 + 5*i + 3. Determine r(-2).
-127
Let o(k) = 3*k**2 + 5*k + 2. What is o(-2)?
4
Let t(m) = -5*m**2 + 13*m + 7. Determine t(2).
13
Let s(u) = u**3 - 18*u**2 + 32*u - 5. What is s(16)?
-5
Let j(b) = 3*b**2 + 46*b + 58. Calculate j(-14).
2
Let s(t) = 16*t - 4. What is s(-3)?
-52
Let i(t) = 5*t - 9. Calculate i(2).
1
Let u(h) = -h**2 - 12*h - 8. Determine u(-10).
12
Let z(o) = -34*o + 372. Give z(11).
-2
Let y(t) = 2*t - 4. What is y(3)?
2
Let k(u) = 2*u**2 + 15*u - 11. What is k(-9)?
16
Let j(n) = -n**2 - 49*n - 135. Determine j(-3).
3
Let a(h) = 2*h - 24. Determine a(-7).
-38
Let h(s) = 4*s + 16. What is h(-5)?
-4
Let r(i) = -5*i - 40. Give r(-5).
-15
Let v(p) = 2*p**2 - 7*p + 2. Determine v(5).
17
Let p(m) = -2*m**2 - 3*m - 1. Determine p(-1).
0
Let v(l) = l**2 + 7*l + 20. Calculate v(-8).
28
Let j(t) = -2*t**2 - t + 6. Calculate j(0).
6
Let a(v) = -41*v + 80. Give a(2).
-2
Let x(u) = 3*u**3 - 3*u**2 + 2*u + 1. Give x(2).
17
Let f(l) = l**2 - 5*l - 6. Give f(4).
-10
Let k(c) = 2*c - 12. Determine k(7).
2
Let d(a) = -a**3 + 9*a**2 - 2*a + 19. What is d(9)?
1
Let l(u) = u**3 - 13*u**2 + 15*u - 10. Give l(12).
26
Let o(z) = -z**3 - 33*z**2 - 31*z + 38. Determine o(-32).
6
Let f(z) = 80*z**2 - 1. Give f(1).
79
Let q(u) = u**2 - 4*u - 3. Give q(4).
-3
Let h(v) = -v + 10. What is h(16)?
-6
Let g(b) = b**3 + 9*b**2 - 21*b + 8. What is g(-11)?
-3
Let j(r) = 3*r - 2. Determine j(-4).
-14
Let j(k) = k**3 - 6*k**2 - 14*k. Give j(7).
-49
Let o(q) = -q + 7. Give o(12).
-5
Let y(w) = -8*w**3 - 3*w**2 + 4*w. Calculate y(1).
-7
Let r(j) = -19*j**3 + 2*j**2 - 3*j + 1. Calculate r(1).
-19
Let n(f) = -2*f**2 - 13*f + 10. Give n(-7).
3
Let y(c) = 2*c**2 - 19*c + 42. What is y(6)?
0
Let o(j) = j**3 - 16*j**2 - j + 16. What is o(16)?
0
Let s(f) = f**3 + 20*f**2 + 20*f - 1. What is s(-19)?
-20
Let o(y) = -16*y - 74. Give o(-5).
6
Let g(s) = s**2 - 27*s + 7. Determine g(27).
7
Let l(z) = -z**3 - z**2 - 17. Determine l(0).
-17
Let k(z) = -21*z**2 + 81*z - 2. Give k(4).
-14
Let b(f) = -f**2 - 6*f + 19. Give b(-9).
-8
Let u(j) = -4*j**2 - 11*j - 25. What is u(-3)?
-28
Let c(j) = -10*j**3 + 2*j**2. What is c(-2)?
88
Let k(i) = i**3 + 6*i**2 + 5*i + 12. What is k(-6)?
-18
Let f(g) = -3*g**3 - 5*g**2 + g + 11. What is f(-3)?
44
Let g(m) = -5*m + 164. Determine g(31).
9
Let b(g) = -4*g**2 + g - 6. Determine b(-4).
-74
Let p(v) = -20*v + 7. What is p(4)?
-73
Let x(s) = -6*s + 15. Give x(7).
-27
Let l(z) = -6*z**3 - 19*z**2 - 18*z + 1. Determine l(-1).
6
Let l(d) = -5*d + 4. Calculate l(-4).
24
Let r(q) = -11*q**2 + 4*q - 3. Give r(1).
-10
Let f(h) = h**3 - 3*h**2 - 8. What is f(4)?
8
Let x(h) = -12*h**3 + 2*h**2 - h - 1. What is x(1)?
-12
Let t(z) = 3*z**3 + 2*z**2 + 3*z. Determine t(-2).
-22
Let t(k) = 2*k - 26. Calculate t(18).
10
Let w(p) = p**2 - 8*p + 2. Determine w(5).
-13
Let r(a) = 8*a + 33. Give r(14).
145
Let r(o) = -2*o**3 + 42*o**2 - 39*o - 11. Give r(20).
9
Let p(n) = 27*n + 58. Determine p(-2).
4
Let j(m) = -2*m**2 - m - 2. Determine j(-2).
-8
Let f(a) = -a**3 + 22*a**2 - a + 20. Calculate f(22).
-2
Let t(k) = -2*k - 5. Calculate t(2).
-9
Let h(i) = 2*i**2 + 9*i + 6. What is h(-6)?
24
Let u(d) = -10*d - 9. Give u(0).
-9
Let v(s) = -s**2 + 19*s + 2. Determine v(19).
2
Let s(l) = -l**2 - 11*l + 3. Give s(-10).
13
Let l(f) = 3*f + 9. Calculate l(-4).
-3
Let o(m) = m**2 + 7*m + 10. What is o(-6)?
4
Let c(n) = n**3 - 7*n**2 - 12*n + 12. Calculate c(8).
-20
Let t(u) = -2*u + 15. Calculate t(8).
-1
Let m(r) = -7*r - 54. Give m(-5).
-19
Let i(q) = -q**2 - 9*q + 91. Determine i(-15).
1
Let y(x) = x**2 - 18*x + 75. What is y(8)?
-5
Let a(m) = -m**3 - 16*m**2 + 14*m - 17. Give a(-17).
34
Let f(h) = -3*h**2 + 4*h - 5. Give f(2).
-9
Let u(j) = j + 24. What is u(-28)?
-4
Let j(a) = -a**2 + 1. Determine j(-3).
-8
Let t(l) = -l**3 - 2*l**2 - 8. Give t(0).
-8
Let a(q) = -q**3 - 20*q**2 - 39*q - 43. Give a(-18).
11
Let l(i) = -13*i + 35. Give l(3).
-4
Let r(m) = -m**3 + 16*m**2 + 16*m. Calculate r(17).
-17
Let u(w) = -w**2 + 5*w + 3. Give u(6).
-3
Let s(p) = -76*p - 6. What is s(1)?
-82
Let z(x) = 8*x**2 - 3*x - 13. Calculate z(4).
103
Let l(g) = g**3 - 3*g**2 - 6*g + 6. Give l(3).
-12
Let x(m) = -m**2 + 17*m - 4. Determine x(19).
-42
Let c(f) = f**2 + 14*f - 7. Calculate c(-15).
8
Let s(g) = -g**2 - 19*g - 9. Give s(-21).
-51
Let c(l) = -l**2 + 19*l - 1. Determine c(17).
33
Let r(w) = 5*w + 7. Calculate r(-9).
-38
Let x(d) = d**3 - 5*d**2 + d - 4. Determine x(5).
1
Let f(v) = v**2 + 4*v - 37. Give f(-7).
-16
Let j(b) = b**3 - 4*b**2 - 6*b + 4. Determine j(6).
40
Let k(t) = -2*t**2 - 111*t - 113. Give k(-1).
-4
Let t(n) = 12*n + 2. Calculate t(4).
50
Let h(n) = -3*n - 13. Determine h(2).
-19
Let a(w) = 6*w - 9. Give a(22).
123
Let r(n) = -n**2 - 5*n + 2. Determine r(-4).
6
Let k(q) = -8*q**3 - q**2 + 2. Give k(1).
-7
Let m(r) = r**3 - r**2 - 17*r - 4. What is m(5)?
11
Let z(f) = -f**3 - 8*f**2 - 3*f + 6. Determine z(-8).
30
Let m(a) = a**3 - 2*a**2 - 3*a + 2. Determine m(4).
22
Let h(z) = z**2 + 7*z - 92. What is h(7)?
6
Let p(f) = -f**3 + 13*f**2 - 4*f - 15. Calculate p(12).
81
Let o(q) = q**3 - 4*q**2 - 4*q - 3. Calculate o(5).
2
Let m(l) = l**3 + 9*l**2 + 9*l - 7. Determine m(-7).
28
Let p(z) = z**3 + 3*z**2 - 12*z - 2. What is p(-5)?
8
Let m(x) = 33*x + 4. What is m(2)?
70
Let g(v) = 6*v + 7. Determine g(-7).
-35
Let k(i) = 51*i - 69. Calculate k(2).
33
Let s(u) = u**2 + 10*u - 20. What is s(-10)?
-20
Let o(u) = -14*u + 19. What is o(3)?
-23
Let f(t) = -t**3 + 15*t**2 - 2*t + 27. Give f(15).
-3
Let c(g) = -23*g - 2. Determine c(1).
-25
Let u(x) = -85*x - 1452. Give u(-17).
-7
Let n(q) = -q - 11. Determine n(-12).
1
Let b(u) = -u**3 - 12*u**2 - 25. Calculate b(-12).
-25
Let r(k) = -k**3 - 11*k**2 - 2*k - 8. Give r(-11).
14
Let g(y) = -y + 6. Give g(6).
0
Let x(h) = 10*h + 17. Calculate x(-6).
-43
Let t(z) = 9*z - 7. Give t